igit of r(q)?
2
Let m = -287 - -288. What is the hundreds digit of ((-33)/(-9) - m)*(-1263)/(-4)?
8
Suppose -5*g = -4*i + 95, 4*i - g - 109 = -10. Suppose -r = i*r - 11752. What is the tens digit of r?
5
What is the units digit of ((-3)/18)/(18/(-43524))?
3
Let w(d) = -95*d - 21. Let i be w(-10). Suppose -2*h = -5*b - 0*b - 927, -2*h + i = -3*b. What is the units digit of h?
6
Suppose -28*l + 22*l + 51228 = 0. What is the units digit of l?
8
Let p = 11105 + -6839. What is the hundreds digit of p?
2
Suppose 231 = 62*u - 65*u. What is the tens digit of ((-60)/35)/(2/u) - -4?
7
Let y(h) = 7*h - 9. Let v be y(3). Let l(b) = 78*b - 6. Let t be l(v). Suppose -5*i - 2*m = -t, -5*m + 372 = -0*i + 2*i. What is the hundreds digit of i?
1
Let o = -2 + 4. Let s be -1*o/(-4 - -3). Suppose -s*n - 3*q = -55, -22 = -n - 4*q + 8. What is the units digit of n?
6
Suppose -46*k + 50*k - 1916 = 0. Let h = k + 845. What is the tens digit of h?
2
Suppose -474*h + 94064 = -458*h. What is the tens digit of h?
7
Suppose 7*t = 6950 - 3052 + 57933. What is the hundreds digit of t?
8
Let n(x) = 6*x + 3*x**2 - 5 - 13*x + 1. Let h be n(3). Suppose -h*a = -21 + 5. What is the units digit of a?
8
Let v(l) = l**3 - l + 3. Suppose 5*z - 10 = 4*y, 6*z + 4*y + 28 = 2*z. Let x = z + 5. What is the tens digit of v(x)?
2
Let r = 8812 + -6498. What is the tens digit of r?
1
Let j be 2 - -6*(-4)/(-8). Suppose -j*w - 2*w + 231 = 0. What is the units digit of 12/(-66) - (-3075)/w?
3
Let w(v) = v**3 - 9*v**2 + 9*v - 4. Let i be w(8). Let q be (18/i)/(6/216). Let y = -25 + q. What is the hundreds digit of y?
1
Let v(n) = 61*n - 74. Let m be v(7). Suppose -m = 3*o - 2861. What is the tens digit of o?
3
Let w = 33267 - 25663. What is the thousands digit of w?
7
What is the tens digit of ((-99)/6 + 7 - -9)*-10982?
9
Suppose 13*k = 20*k - 16867 - 18840. What is the tens digit of k?
0
Suppose y - 20316 = 2*n, 81265 = 4*y + 10*n - 17*n. What is the hundreds digit of y?
3
Let t(z) = z**2 - 6*z - 6. Let o be t(6). Let s(r) = 14*r + 3. Let a(c) = -42*c - 3. Let y(i) = 3*a(i) + 8*s(i). What is the units digit of y(o)?
9
Suppose -36*t - 3300 = -51*t. Let y = t - 38. What is the tens digit of y?
8
Suppose -3*v = -2*r - 53871, 54*r - 50*r = -2*v + 35898. What is the hundreds digit of v?
9
Let k(d) = -15 - 24 - 34*d - 115*d. What is the units digit of k(-5)?
6
Let h be (0 + (-2)/(-3))*1917/(-142). Let p = h + 6. What is the tens digit of p + 40/12 - 322/(-6)?
5
Let c = 21 + -29. Let x be (-39)/(-52) + (-50)/c. Suppose -11*s + 196 = -x*s. What is the tens digit of s?
4
Let d = 309 - 144. Let i be ((-528)/d)/(0 + (-4)/10). What is the units digit of (6/i)/((-3)/(-10 + -2))?
3
Suppose 5*q + 10 = 35. Let p(m) = 27*m**2 + 2*m + 20. Let f be p(q). Suppose 15*r - 510 = f. What is the tens digit of r?
8
What is the thousands digit of 0 - -13 - (-22832 - 394)?
3
Let a = 207 - 206. What is the units digit of 3/a*(3 + 28)?
3
Let l be (-5 - 65/(-15)) + 1/(-3). Let o(z) = -z**2 + 1. Let f be o(l). Suppose b + f*b = 106. What is the units digit of b?
6
Let a(n) = -n**3 + 4*n**2 - 8*n + 4. Let d be a(3). Let r = 144 - 54. Let s = d + r. What is the units digit of s?
9
Let o be -3 + 3/(-6)*(-824)/(-2). Let t = -150 - o. What is the units digit of t?
9
Suppose -413*q + 460*q = 289426. What is the units digit of q?
8
Let u = -2622 + 4443. Suppose 13*v - 766 = u. What is the units digit of v?
9
Suppose -52*o = -57*o + 24990. What is the units digit of o?
8
Let b(y) = -y**3 - 8*y**2 - 21*y - 508. What is the units digit of b(-20)?
2
Suppose 17413 = x - 4*f, -f + 87107 = 4*x + x. What is the ten thousands digit of x?
1
Let y(q) = -10*q**3 + 4*q + 2. Let x be y(2). Let j = -66 - x. Suppose -j*b = -399 - 13. What is the tens digit of b?
0
Suppose -309*x = -104*x - 12143790. What is the units digit of x?
8
Let u be (-2 - -3)/((-1)/(-5)). Suppose 0*q - 8 = 4*q, 4*n - 4*q - 28 = 0. Suppose u*w - 34 = -z, -n*w = -0*w + 5*z - 50. What is the units digit of w?
6
Suppose 3*i = v - 53, 3*i + 4*v = 7*i + 84. What is the units digit of i/6*(-2775)/50?
8
Let g(q) = q + 1. Let u(z) = 16. Let j(i) = -2*g(i) - u(i). Let t be j(-6). What is the tens digit of t/21 - (-520)/7?
7
Let b = -1388 + 3284. What is the units digit of b?
6
Suppose 23*o - 417*o + 3752137 = -2621601. What is the hundreds digit of o?
1
Let n(j) = 6442*j - 2226. What is the ten thousands digit of n(6)?
3
Suppose -11*f + 347562 = 3*f - 155346. What is the tens digit of f?
2
Let u = 1676 + 6928. What is the hundreds digit of u?
6
Let h be 6/4*(-32)/48*3. Let c(x) = -211*x + 5. What is the tens digit of c(h)?
3
Let r(f) = f**2 + 24*f + 46. Let t be r(-22). Suppose 0*y + t*y + 5*g = 375, 0 = -2*g - 10. What is the hundreds digit of y?
2
Suppose g + 2*m + 4 - 444 = 0, 1320 = 3*g + 4*m. What is the units digit of (g/(-6))/(182/(-21) + 8)?
0
What is the hundreds digit of 8/(-28) - ((-1240528)/56 + -9)?
1
Let s(i) = -i**2 - 2*i + 2. Let w be s(1). Let h be w + (-5 - -4)*-4. Suppose -h*d = -5*g + 219, g = -3*d + 4*d + 43. What is the tens digit of g?
4
Let j(m) = 54 + 8 - 24*m + 6 + 164*m. What is the thousands digit of j(8)?
1
Let n = -15819 + 28531. Suppose -n = -34*h + 26*h. What is the hundreds digit of h?
5
Let r(m) be the second derivative of m**4/4 - 7*m**3/2 - 61*m**2 + 96*m. What is the units digit of r(-13)?
8
Suppose -39*l = -144*l + 208845. What is the hundreds digit of l?
9
Let c(u) = -u**3 - 4*u**2 + 32*u + 16. Let b(v) = -v**2 - 4*v + 10*v + 5*v + 5. Let z(l) = -8*b(l) + 3*c(l). What is the tens digit of z(-5)?
4
Suppose -3*p + 9 + 0 = 0. Let n be ((-5)/p + 3)/((-1)/(-363)). Suppose -n = -7*f + 160. What is the tens digit of f?
9
Let w(n) = n**2 + n. Let o(t) = -50*t**2 + t + 1. Let p(s) = -o(s) - w(s). What is the units digit of p(2)?
1
Let n = -45178 + 100909. What is the ten thousands digit of n?
5
Suppose -5*o + 0*w + 33748 = -3*w, o - 5*w = 6754. What is the tens digit of o?
4
Let a be (-6)/5*280/(-84). Suppose -a*k = 2*o - 5*k - 16, -k = 3*o - 19. What is the units digit of o?
7
Let u(i) = 39409*i + 1825. What is the hundreds digit of u(1)?
2
Suppose 12*y + 13668 = 57192. What is the units digit of y?
7
Let z = 346 + 1324. Let i = z - 1041. What is the tens digit of i?
2
Let v = 10334 - 3187. What is the hundreds digit of v?
1
What is the thousands digit of (-5 - 6)*1 - -8116?
8
Suppose -5*o + 3*h + 12 = 0, h + 7 - 2 = 2*o. Suppose 3*k - j - 124 = 2*k, -5*j = o*k - 372. What is the units digit of (k*(-2)/(-32))/((-1)/(-20))?
5
Suppose -4 = -2*a - 2*t, -5*a + 8 = -a + t. Let m = 1 + a. What is the tens digit of (m - -26)/(1/3)?
8
Let l(w) = 112 + 21*w + 22 + 4. What is the hundreds digit of l(16)?
4
Let m(v) = v**3 - 12*v**2 + 4*v - 43. Let q be m(12). Suppose 2*h + 2606 = 4*n, q*n + h = 2*h + 3262. What is the hundreds digit of n?
6
What is the ten thousands digit of (16 + (-13242)/24)*-40?
2
Let z = -3657 - -19369. What is the thousands digit of z?
5
Let f = 6609 - 5512. What is the tens digit of f?
9
Suppose 0 = -2*m + 5*m - 15, 5*u = 4*m. Suppose -l = -u*b + 12, -l - l = -8. What is the tens digit of ((-2560)/5)/b*-1?
2
Let w(s) be the second derivative of 30*s**5 - s**4/6 + s**3/6 - s**2/2 + 72*s. What is the tens digit of w(1)?
9
Let a = -6125 + 11761. What is the units digit of a?
6
Let y(k) = k**3 - 5*k**2 - 6*k + 16. Let m be y(5). Let b(j) = j**2 - 13*j - 45. What is the hundreds digit of b(m)?
3
Suppose -9*r = -8*r - 2. Suppose -3*v + 32 = -t + 5*t, r*v + 2 = 2*t. Suppose 0 = -m - v*m + 505. What is the hundreds digit of m?
1
Suppose 4*g + 4*y - 2116 = 0, -355*g - y = -352*g - 1577. What is the units digit of g?
4
Suppose 0 = -6*s + 5*o + 20282, -o + 12688 + 816 = 4*s. What is the tens digit of s?
7
Let d(f) = -f**3 - 4*f**2 + 14*f + 46. Let j be d(-5). Suppose -5*r - 5*p + 2900 = 0, 1 = p - j. What is the tens digit of r?
7
What is the tens digit of 2/(-1) - (-55712)/(-24)*-3?
6
Suppose 0 = -5*o + 2*r - 75, -4*o - 13 = -3*r + 47. Let v(l) = -7*l. Let s be v(-2). What is the tens digit of s*o/(-10)*(-8)/(-6)?
2
Suppose 10 = -4*o + 10. Suppose o*h + h - 165 = 0. Suppose 0 = -13*r + 10*r + h. What is the tens digit of r?
5
Let n(i) = 60*i**2 - 5*i - 12. Let t(k) = -k - 1. Let m(u) = n(u) - 2*t(u). What is the units digit of m(-3)?
9
Let q = -106